pose 4*a = 2*a + o. List the prime factors of a.
2, 5
Let i(q) = -q + 2. Let o be i(0). Let l(g) = 2*g + 2*g**2 + g + 3*g**o - 3 + g**3 + 0*g**3. What are the prime factors of l(-3)?
2, 3
Suppose -5*u = -1 - 9. Let n(k) = -k**2 + 2*k + 5. Let t be n(4). What are the prime factors of (0 - u)/(t/12)?
2
Let z(f) = f**2 - 5*f + 1. Let n be z(5). What are the prime factors of 4/n - 1/(-1)?
5
Let q = -29 + 49. What are the prime factors of q?
2, 5
Let q(s) = -s**3 + 6*s**2 - 4*s. Suppose 3*u + 12 = 7*u. What are the prime factors of q(u)?
3, 5
Let r(s) = 3*s - 12. What are the prime factors of r(6)?
2, 3
Let m = -5 + 4. Let p = 3 + m. List the prime factors of p.
2
Suppose 5*x - 8 = m - 3, -2*x + 14 = 2*m. Suppose -4*c = d - 14, -d - x*c + 14 = -3*c. List the prime factors of d.
2, 7
Let a = -5 + -4. Let f = -1 + a. What are the prime factors of (-106)/f - 6/(-15)?
11
Suppose k + 1 = 2*z, -k - 2*z = 5 - 0. Let q be k/12 + 45/4. Let y = -6 + q. List the prime factors of y.
5
Suppose -4*q = 3*o - 83 - 25, -2*o + 79 = 5*q. Let l = o + -23. What are the prime factors of l?
3
Let f(x) = 266*x + 3. List the prime factors of f(1).
269
Let f be ((-42)/(-9))/((-5)/(-30)). Suppose 7*b = f + 119. What are the prime factors of b?
3, 7
Suppose 2*u = 18 + 2. Let d(t) be the third derivative of t**5/60 - 7*t**4/24 - 13*t**3/6 - t**2. List the prime factors of d(u).
17
Let c(m) = -13*m - 2. List the prime factors of c(-3).
37
Suppose -i + 37 = y, -5*i = 3*y - 7 - 100. Let l = -12 - -15. Suppose r - 21 = -3*d, -l*r + 0*r = 3*d - y. What are the prime factors of r?
3
Let n = -2 + 10. What are the prime factors of 8 + (n + -2)/2?
11
Suppose -z - 2*r = 1, -5*z + 2*r = -0*r - 7. Let k = z - -3. Suppose -y = -0*y - k. List the prime factors of y.
2
Suppose 3*t + 12 = 2*q, 0*t - 8 = -5*q + 2*t. Let h(r) = -1 + 2*r + 0*r + q*r. List the prime factors of h(3).
5
Let f = -21 + 37. Suppose -3*j - z = -f, 2*j + 0*j - 9 = z. List the prime factors of j.
5
Let o(g) = 290*g**2 - 5*g + 4. What are the prime factors of o(1)?
17
Let o be ((-1)/(-3))/(6/54). Suppose 40 = r + o*r. List the prime factors of r.
2, 5
Suppose 0 = -5*t - 146 - 134. Let d be (2/3)/(2/18). What are the prime factors of d/4*t/(-12)?
7
Let w be (6/6)/((-1)/2). Let b be (-10)/(w - (0 + -1)). List the prime factors of (4/b)/((-7)/(-35)).
2
Let j(c) = 19*c - 26. List the prime factors of j(10).
2, 41
Let s = -2 - -51. Let n = s - 15. Suppose n + 26 = 3*p. What are the prime factors of p?
2, 5
Let h = -9 + 126. What are the prime factors of h?
3, 13
Suppose -3*z + 6 + 6 = 0. Suppose 0 = -4*b - 3*c + 154, 0 = 5*b - b - z*c - 168. List the prime factors of b.
2, 5
Suppose 12 = 3*n - 4*s - 11, -n - 5*s = -14. Let h = 12 - n. What are the prime factors of h?
3
Let b be 42/8 - 4/16. Suppose -d - 4*o - 29 = -2*d, 5*d - b*o = 70. List the prime factors of d.
3
Let g(k) = -k**3 - 7*k**2 - 2*k - 8. Let h(m) be the second derivative of -m**3/2 + m**2 + m. Let a be h(3). What are the prime factors of g(a)?
2, 3
Suppose -33 = -5*r + 2*r. What are the prime factors of r?
11
Suppose 0 = 4*y + 2 + 14, 2*y = -a - 8. Let o = 6 - a. Suppose -8 - o = -2*h. List the prime factors of h.
7
Let h = 3 - -3. Suppose -h*l + 210 = -0*l. List the prime factors of l.
5, 7
Suppose -4*u + 7*u - 114 = 0. List the prime factors of u.
2, 19
Suppose -7*z = -2*z - 110. Suppose -g - g + z = 0. What are the prime factors of g?
11
Let i(f) = -f - 6. Let m be i(-6). Suppose m = -3*r + b + 16, -b - 4 = -3. List the prime factors of r.
5
Suppose f - 168 = -21. List the prime factors of f.
3, 7
Let o(l) = l**2 - 13. What are the prime factors of o(-4)?
3
Suppose 2*a = -5*w + 35, a + 10 = -3*w + 30. Suppose -3*z + 2*x + 16 - 47 = 0, 0 = 2*z - a*x + 6. Let l = z - -21. List the prime factors of l.
2
Let h be 2 + (-2 - 1) - 0. Let a = h + 4. What are the prime factors of a?
3
Let l(u) = u**3 - 3*u**2 + 2*u. Let t be l(3). Suppose -t*z + 2*z + 100 = 0. List the prime factors of z.
5
Let o be (6/9)/((-1)/9). Let d(n) = -n**2 - 7*n + 7. List the prime factors of d(o).
13
What are the prime factors of (-1)/(-3) - (-3655)/51?
2, 3
Let i(q) = q + 2. What are the prime factors of i(11)?
13
Suppose 2*m - 3*o = 60, -4*m = -2*o - 2*o - 116. What are the prime factors of m?
3
Let n(k) be the first derivative of 2 - 1/2*k**2 + 2*k. What are the prime factors of n(0)?
2
Suppose 3 = d, 0*u = 4*u - 5*d - 57. Suppose 0 = 5*g - 3 + u. List the prime factors of (g/9)/(1/(-33)).
11
Let u be (-73)/2 + 1/(-2). List the prime factors of (-6)/24 - u/4.
3
Suppose 2*g - 15 = -4*a - 5, -a = g - 3. Let n(h) = -2*h**3 + 4*h**2 - 2*h - 1. Let s be n(a). What are the prime factors of (-3 - (0 + s)) + 2?
2
Suppose -a - a = -88. Let h = -22 + a. What are the prime factors of h?
2, 11
Let o(h) = h**3 + 9*h**2 - 3*h - 17. What are the prime factors of o(-7)?
2, 3, 17
Suppose 1130 = 7*f + 248. What are the prime factors of f?
2, 3, 7
Let s(x) = -12*x**2 - 3*x - 3. Let t be s(-2). Let d = -21 - t. List the prime factors of d.
2, 3
Suppose 0 = 4*d - 5*d + 320. List the prime factors of d.
2, 5
Suppose d + 8 = 5*t - d, -4*d = 4*t - 12. Suppose -3*r + t*x + 6 = -x, 4*x - 7 = -r. What are the prime factors of r?
3
Suppose 19 = 4*z - z + x, 5*x = -2*z + 17. What are the prime factors of z?
2, 3
What are the prime factors of -3 + (-564)/((-4)/1)?
2, 3, 23
Let d(x) = -x**3 - 4*x**2 + 9*x + 4. Suppose -4*a - 22 = -g, 4*a + 5*g = 13 - 47. What are the prime factors of d(a)?
2, 11
Let r(q) be the second derivative of -q**5/10 - q**4/12 + 5*q**3/6 + 5*q**2/2 - 3*q. List the prime factors of r(-2).
7
Suppose -1124 = -5*p - 169. List the prime factors of p.
191
Let p = 21 - 17. Suppose -3*c + 153 = 5*q, 5*c = -p*q - 6 + 118. List the prime factors of q.
3, 11
Suppose 0 = 4*l + 12, -2*q + 66 = 3*q - 2*l. Suppose 4*c = -4*o + 96, c = -0*o + 5*o + q. What are the prime factors of c?
2, 11
Let y(u) = u - 2. Let t be y(5). Suppose t*f - 2*f = 17. What are the prime factors of f?
17
Suppose -14*n + 16*n = 64. List the prime factors of n.
2
Let v be (-27)/4*(-2 - 2). Suppose 2 - v = -5*m. What are the prime factors of m?
5
Let u = -419 + 595. List the prime factors of u.
2, 11
Suppose 0 = 5*g - 6 + 31. Let f(b) = -b + 1. What are the prime factors of f(g)?
2, 3
List the prime factors of 1/(((-3)/(-37))/3).
37
Let x(d) = -108*d - 5. What are the prime factors of x(-2)?
211
What are the prime factors of 320/18 - 10/(-45)?
2, 3
Let s = 80 + -27. List the prime factors of s.
53
What are the prime factors of ((-82)/3)/((-28)/42)?
41
Suppose 20 = -2*s + 6*s. Suppose -i + 18 = 5*z, 4*i = -4*z + s*i + 9. List the prime factors of z.
3
Suppose y + 2*y = -9. Let s = y + 5. What are the prime factors of s?
2
Let k = 73 + -49. What are the prime factors of k?
2, 3
Let u be (2/(-3))/((-6)/45). Suppose -4*r = 5*f - 16, -5*f + r + 0*r - 4 = 0. Suppose f = u*w - 0*w - 20. List the prime factors of w.
2
Let m(p) = -p - 4. Let j be m(0). Let k(f) be the first derivative of -f**4/4 - f**3 + 3*f**2/2 + 4*f + 1. List the prime factors of k(j).
2
What are the prime factors of 255/(-10)*(-30)/9?
5, 17
Let v(q) = 3*q**2 - 1. Suppose 0 = 5*y - 0*y - 2*f - 15, -15 = -5*y - 3*f. What are the prime factors of v(y)?
2, 13
Let z(h) = -1 + 10*h**2 + 2 + h**3 + 1 - 5*h**2. What are the prime factors of z(-3)?
2, 5
Suppose 2*g = -4*g + 144. List the prime factors of g.
2, 3
Suppose t + 120 = 3*u - 30, -u = -2*t - 50. Let f = u + -30. Let k = 33 - f. List the prime factors of k.
13
Let v(q) be the first derivative of q**2/2 + 3*q + 3. What are the prime factors of v(8)?
11
Let o be (-2 + 3)/(2/4). Let q = o + -4. What are the prime factors of 1 + 2 + 1 + q?
2
Let b = 1 - -2. Suppose -4*q - 17 - 7 = -2*c, 0 = -b*c - 5*q + 3. Suppose -100 = -c*f + f. What are the prime factors of f?
2, 5
Let d(a) = 2*a - 11. List the prime factors of d(12).
13
Let t(x) be the second derivative of x**3 + 4*x. List the prime factors of t(4).
2, 3
Let h = 37 - 22. Suppose -21 - h = -4*y. List the prime factors of y.
3
Suppose -4*s + 170 = -754. List the prime factors of s.
3, 7, 11
Let x(t) = 5*t**2 - 3*t + 3*t**2 - 2*t**2 - 4*t**2. What are the prime factors of x(-3)?
3
Suppose 2*u - 19 = u. What are the prime factors of u?
19
Suppose -81 + 3 = -6*p. List the pri